{"id":178,"date":"2024-05-03T18:34:46","date_gmt":"2024-05-03T16:34:46","guid":{"rendered":"https:\/\/west-coastentin.com\/?page_id=178"},"modified":"2024-07-24T16:04:22","modified_gmt":"2024-07-24T14:04:22","slug":"spots-guide","status":"publish","type":"page","link":"https:\/\/west-coastentin.com\/index.php\/spots-guide\/","title":{"rendered":"SPOTS GUIDE"},"content":{"rendered":"\t\t<div data-elementor-type=\"wp-page\" data-elementor-id=\"178\" class=\"elementor elementor-178\">\n\t\t\t\t<div class=\"elementor-element elementor-element-1f53bfd e-flex e-con-boxed e-con e-parent\" data-id=\"1f53bfd\" data-element_type=\"container\">\n\t\t\t\t\t<div class=\"e-con-inner\">\n\t\t\t\t<div class=\"elementor-element elementor-element-8a590aa elementor-position-right elementor-vertical-align-middle elementor-widget elementor-widget-image-box\" data-id=\"8a590aa\" data-element_type=\"widget\" data-widget_type=\"image-box.default\">\n\t\t\t\t<div class=\"elementor-widget-container\">\n\t\t\t<style>\/*! elementor - v3.23.0 - 15-07-2024 *\/\n.elementor-widget-image-box .elementor-image-box-content{width:100%}@media (min-width:768px){.elementor-widget-image-box.elementor-position-left .elementor-image-box-wrapper,.elementor-widget-image-box.elementor-position-right .elementor-image-box-wrapper{display:flex}.elementor-widget-image-box.elementor-position-right .elementor-image-box-wrapper{text-align:end;flex-direction:row-reverse}.elementor-widget-image-box.elementor-position-left .elementor-image-box-wrapper{text-align:start;flex-direction:row}.elementor-widget-image-box.elementor-position-top .elementor-image-box-img{margin:auto}.elementor-widget-image-box.elementor-vertical-align-top .elementor-image-box-wrapper{align-items:flex-start}.elementor-widget-image-box.elementor-vertical-align-middle .elementor-image-box-wrapper{align-items:center}.elementor-widget-image-box.elementor-vertical-align-bottom .elementor-image-box-wrapper{align-items:flex-end}}@media (max-width:767px){.elementor-widget-image-box .elementor-image-box-img{margin-left:auto!important;margin-right:auto!important;margin-bottom:15px}}.elementor-widget-image-box .elementor-image-box-img{display:inline-block}.elementor-widget-image-box .elementor-image-box-title a{color:inherit}.elementor-widget-image-box .elementor-image-box-wrapper{text-align:center}.elementor-widget-image-box .elementor-image-box-description{margin:0}<\/style><div class=\"elementor-image-box-wrapper\"><figure class=\"elementor-image-box-img\"><img fetchpriority=\"high\" decoding=\"async\" width=\"2560\" height=\"1707\" src=\"https:\/\/west-coastentin.com\/wp-content\/uploads\/2024\/05\/IMG_8354-scaled.jpg\" class=\"attachment-full size-full wp-image-180\" alt=\"votre s\u00e9jour kite en normandie\" srcset=\"https:\/\/west-coastentin.com\/wp-content\/uploads\/2024\/05\/IMG_8354-scaled.jpg 2560w, https:\/\/west-coastentin.com\/wp-content\/uploads\/2024\/05\/IMG_8354-scaled-600x400.jpg 600w, https:\/\/west-coastentin.com\/wp-content\/uploads\/2024\/05\/IMG_8354-400x267.jpg 400w, https:\/\/west-coastentin.com\/wp-content\/uploads\/2024\/05\/IMG_8354-1024x683.jpg 1024w, https:\/\/west-coastentin.com\/wp-content\/uploads\/2024\/05\/IMG_8354-768x512.jpg 768w, https:\/\/west-coastentin.com\/wp-content\/uploads\/2024\/05\/IMG_8354-1536x1024.jpg 1536w, https:\/\/west-coastentin.com\/wp-content\/uploads\/2024\/05\/IMG_8354-2048x1365.jpg 2048w\" sizes=\"(max-width: 2560px) 100vw, 2560px\" \/><\/figure><div class=\"elementor-image-box-content\"><h3 class=\"elementor-image-box-title\">PREAMBULE<\/h3><p class=\"elementor-image-box-description\"><b>WEST-COASTENTIN.COM n'est pas une \u00e9cole de kite<\/b>, c'est un service d'accompagnement pour les riders qui ne sont pas de la r\u00e9gion, ou du pays. Le service est prioritairement orient\u00e9 vers les clients de l'h\u00e9bergement ou d'autres h\u00e9bergements partenaires. Nous emmenons les riders sur les spots les plus appropri\u00e9s en fonction des vents, mar\u00e9es, coefficients, du niveau des riders et de leurs souhaits.<\/p><\/div><\/div>\t\t<\/div>\n\t\t\t\t<\/div>\n\t\t\t\t<div class=\"elementor-element elementor-element-29a3914 elementor-widget-divider--view-line elementor-widget elementor-widget-divider\" data-id=\"29a3914\" data-element_type=\"widget\" data-widget_type=\"divider.default\">\n\t\t\t\t<div class=\"elementor-widget-container\">\n\t\t\t<style>\/*! elementor - v3.23.0 - 15-07-2024 *\/\n.elementor-widget-divider{--divider-border-style:none;--divider-border-width:1px;--divider-color:#0c0d0e;--divider-icon-size:20px;--divider-element-spacing:10px;--divider-pattern-height:24px;--divider-pattern-size:20px;--divider-pattern-url:none;--divider-pattern-repeat:repeat-x}.elementor-widget-divider .elementor-divider{display:flex}.elementor-widget-divider .elementor-divider__text{font-size:15px;line-height:1;max-width:95%}.elementor-widget-divider .elementor-divider__element{margin:0 var(--divider-element-spacing);flex-shrink:0}.elementor-widget-divider .elementor-icon{font-size:var(--divider-icon-size)}.elementor-widget-divider .elementor-divider-separator{display:flex;margin:0;direction:ltr}.elementor-widget-divider--view-line_icon .elementor-divider-separator,.elementor-widget-divider--view-line_text .elementor-divider-separator{align-items:center}.elementor-widget-divider--view-line_icon .elementor-divider-separator:after,.elementor-widget-divider--view-line_icon .elementor-divider-separator:before,.elementor-widget-divider--view-line_text .elementor-divider-separator:after,.elementor-widget-divider--view-line_text .elementor-divider-separator:before{display:block;content:\"\";border-block-end:0;flex-grow:1;border-block-start:var(--divider-border-width) var(--divider-border-style) var(--divider-color)}.elementor-widget-divider--element-align-left .elementor-divider .elementor-divider-separator>.elementor-divider__svg:first-of-type{flex-grow:0;flex-shrink:100}.elementor-widget-divider--element-align-left .elementor-divider-separator:before{content:none}.elementor-widget-divider--element-align-left .elementor-divider__element{margin-left:0}.elementor-widget-divider--element-align-right .elementor-divider .elementor-divider-separator>.elementor-divider__svg:last-of-type{flex-grow:0;flex-shrink:100}.elementor-widget-divider--element-align-right .elementor-divider-separator:after{content:none}.elementor-widget-divider--element-align-right .elementor-divider__element{margin-right:0}.elementor-widget-divider--element-align-start .elementor-divider .elementor-divider-separator>.elementor-divider__svg:first-of-type{flex-grow:0;flex-shrink:100}.elementor-widget-divider--element-align-start .elementor-divider-separator:before{content:none}.elementor-widget-divider--element-align-start .elementor-divider__element{margin-inline-start:0}.elementor-widget-divider--element-align-end .elementor-divider .elementor-divider-separator>.elementor-divider__svg:last-of-type{flex-grow:0;flex-shrink:100}.elementor-widget-divider--element-align-end .elementor-divider-separator:after{content:none}.elementor-widget-divider--element-align-end .elementor-divider__element{margin-inline-end:0}.elementor-widget-divider:not(.elementor-widget-divider--view-line_text):not(.elementor-widget-divider--view-line_icon) .elementor-divider-separator{border-block-start:var(--divider-border-width) var(--divider-border-style) var(--divider-color)}.elementor-widget-divider--separator-type-pattern{--divider-border-style:none}.elementor-widget-divider--separator-type-pattern.elementor-widget-divider--view-line .elementor-divider-separator,.elementor-widget-divider--separator-type-pattern:not(.elementor-widget-divider--view-line) .elementor-divider-separator:after,.elementor-widget-divider--separator-type-pattern:not(.elementor-widget-divider--view-line) .elementor-divider-separator:before,.elementor-widget-divider--separator-type-pattern:not([class*=elementor-widget-divider--view]) .elementor-divider-separator{width:100%;min-height:var(--divider-pattern-height);-webkit-mask-size:var(--divider-pattern-size) 100%;mask-size:var(--divider-pattern-size) 100%;-webkit-mask-repeat:var(--divider-pattern-repeat);mask-repeat:var(--divider-pattern-repeat);background-color:var(--divider-color);-webkit-mask-image:var(--divider-pattern-url);mask-image:var(--divider-pattern-url)}.elementor-widget-divider--no-spacing{--divider-pattern-size:auto}.elementor-widget-divider--bg-round{--divider-pattern-repeat:round}.rtl .elementor-widget-divider .elementor-divider__text{direction:rtl}.e-con-inner>.elementor-widget-divider,.e-con>.elementor-widget-divider{width:var(--container-widget-width,100%);--flex-grow:var(--container-widget-flex-grow)}<\/style>\t\t<div class=\"elementor-divider\">\n\t\t\t<span class=\"elementor-divider-separator\">\n\t\t\t\t\t\t<\/span>\n\t\t<\/div>\n\t\t\t\t<\/div>\n\t\t\t\t<\/div>\n\t\t<div class=\"elementor-element elementor-element-86952f0 e-flex e-con-boxed e-con e-child\" data-id=\"86952f0\" data-element_type=\"container\">\n\t\t\t\t\t<div class=\"e-con-inner\">\n\t\t\t\t<div class=\"elementor-element elementor-element-c076b40 elementor-position-left elementor-vertical-align-middle elementor-widget elementor-widget-image-box\" data-id=\"c076b40\" data-element_type=\"widget\" data-widget_type=\"image-box.default\">\n\t\t\t\t<div class=\"elementor-widget-container\">\n\t\t\t<div class=\"elementor-image-box-wrapper\"><figure class=\"elementor-image-box-img\"><img decoding=\"async\" width=\"2560\" height=\"1836\" src=\"https:\/\/west-coastentin.com\/wp-content\/uploads\/2024\/05\/DSC_1040-scaled.jpg\" class=\"attachment-full size-full wp-image-181\" alt=\"sejour kite dans le cotentin\" srcset=\"https:\/\/west-coastentin.com\/wp-content\/uploads\/2024\/05\/DSC_1040-scaled.jpg 2560w, https:\/\/west-coastentin.com\/wp-content\/uploads\/2024\/05\/DSC_1040-scaled-600x430.jpg 600w, https:\/\/west-coastentin.com\/wp-content\/uploads\/2024\/05\/DSC_1040-400x287.jpg 400w, https:\/\/west-coastentin.com\/wp-content\/uploads\/2024\/05\/DSC_1040-1024x735.jpg 1024w, https:\/\/west-coastentin.com\/wp-content\/uploads\/2024\/05\/DSC_1040-768x551.jpg 768w, https:\/\/west-coastentin.com\/wp-content\/uploads\/2024\/05\/DSC_1040-1536x1102.jpg 1536w, https:\/\/west-coastentin.com\/wp-content\/uploads\/2024\/05\/DSC_1040-2048x1469.jpg 2048w\" sizes=\"(max-width: 2560px) 100vw, 2560px\" \/><\/figure><div class=\"elementor-image-box-content\"><h3 class=\"elementor-image-box-title\">   ACCOMPAGNEMENT, GUIDE DE SPOT<\/h3><p class=\"elementor-image-box-description\">En fonction du niveau des guest riders, de leurs pratiques ( kite twin tip, kite surf vagues, kite foil, wingfoil, funboard ), du sens des vents, des horaires et coefficients de mar\u00e9e, West-coastentin emm\u00e8ne les riders sur des sites sp\u00e9cifiques, les plus appropri\u00e9s pour une pratique en toute s\u00e9curit\u00e9 et dans les meilleures conditions, j'assure l'assistance au d\u00e9collage et \u00e0 l'atterrissage des ailes, un briefing m\u00e9t\u00e9o et sur les risques du spot. Ces journ\u00e9es ne sont ni des cours, ni des entra\u00eenements, ni des comp\u00e9titions et encore moins une d\u00e9monstration de performances pouvant entrainer une exaltation accidentog\u00e8ne. <\/p><\/div><\/div>\t\t<\/div>\n\t\t\t\t<\/div>\n\t\t<div class=\"elementor-element elementor-element-f1d833f e-flex e-con-boxed e-con e-child\" data-id=\"f1d833f\" data-element_type=\"container\">\n\t\t\t\t\t<div class=\"e-con-inner\">\n\t\t\t\t<div class=\"elementor-element elementor-element-8f7df62 elementor-widget elementor-widget-text-editor\" data-id=\"8f7df62\" data-element_type=\"widget\" data-widget_type=\"text-editor.default\">\n\t\t\t\t<div class=\"elementor-widget-container\">\n\t\t\t<style>\/*! elementor - v3.23.0 - 15-07-2024 *\/\n.elementor-widget-text-editor.elementor-drop-cap-view-stacked .elementor-drop-cap{background-color:#69727d;color:#fff}.elementor-widget-text-editor.elementor-drop-cap-view-framed .elementor-drop-cap{color:#69727d;border:3px solid;background-color:transparent}.elementor-widget-text-editor:not(.elementor-drop-cap-view-default) .elementor-drop-cap{margin-top:8px}.elementor-widget-text-editor:not(.elementor-drop-cap-view-default) .elementor-drop-cap-letter{width:1em;height:1em}.elementor-widget-text-editor .elementor-drop-cap{float:left;text-align:center;line-height:1;font-size:50px}.elementor-widget-text-editor .elementor-drop-cap-letter{display:inline-block}<\/style>\t\t\t\t<p>TARIF: Pour les riders qui logerons chez moi, l&rsquo;accompagnement est factur\u00e9 30\u20ac par \u00e9quipage et par jour.&nbsp;<\/p>\t\t\t\t\t\t<\/div>\n\t\t\t\t<\/div>\n\t\t\t\t\t<\/div>\n\t\t\t\t<\/div>\n\t\t<div class=\"elementor-element elementor-element-76055e5 e-flex e-con-boxed e-con e-child\" data-id=\"76055e5\" data-element_type=\"container\">\n\t\t\t\t\t<div class=\"e-con-inner\">\n\t\t\t\t<div class=\"elementor-element elementor-element-51ecc02 elementor-widget elementor-widget-heading\" data-id=\"51ecc02\" data-element_type=\"widget\" data-widget_type=\"heading.default\">\n\t\t\t\t<div class=\"elementor-widget-container\">\n\t\t\t<style>\/*! elementor - v3.23.0 - 15-07-2024 *\/\n.elementor-heading-title{padding:0;margin:0;line-height:1}.elementor-widget-heading .elementor-heading-title[class*=elementor-size-]>a{color:inherit;font-size:inherit;line-height:inherit}.elementor-widget-heading .elementor-heading-title.elementor-size-small{font-size:15px}.elementor-widget-heading .elementor-heading-title.elementor-size-medium{font-size:19px}.elementor-widget-heading .elementor-heading-title.elementor-size-large{font-size:29px}.elementor-widget-heading .elementor-heading-title.elementor-size-xl{font-size:39px}.elementor-widget-heading .elementor-heading-title.elementor-size-xxl{font-size:59px}<\/style><h2 class=\"elementor-heading-title elementor-size-default\">CONDITIONS ET RESPONSABILITES<\/h2>\t\t<\/div>\n\t\t\t\t<\/div>\n\t\t<div class=\"elementor-element elementor-element-d7e7a7f e-flex e-con-boxed e-con e-child\" data-id=\"d7e7a7f\" data-element_type=\"container\">\n\t\t\t\t\t<div class=\"e-con-inner\">\n\t\t\t\t<div class=\"elementor-element elementor-element-10ea96e elementor-widget__width-auto elementor-widget elementor-widget-text-editor\" data-id=\"10ea96e\" data-element_type=\"widget\" data-widget_type=\"text-editor.default\">\n\t\t\t\t<div class=\"elementor-widget-container\">\n\t\t\t\t\t\t\t<p><strong>Nous consid\u00e9rons donc que les riders ont un niveau de pratique autonome et suffisant\u00a0<\/strong>( d\u00e9collage de l&rsquo;aile, navigation, remont\u00e9 au vent et atterrissage de l&rsquo;aile ). Un briefing d\u00e9crivant la sp\u00e9cificit\u00e9 de chaque spot avec les \u00e9ventuels risques li\u00e9s \u00e0 l&rsquo;endroit\u00a0 ( courants, fonds rocheux ou bancs de sable, zones de vent et ph\u00e9nom\u00e8nes a\u00e9rologiques li\u00e9s aux dunes ) et, en aucun cas nous emm\u00e8nerons les clients sur un spot trop radical et dangereux. Nous porterons assistance \u00e0 un client comme avec n&rsquo;importe quel autre rider qui serait en difficult\u00e9. <span style=\"text-decoration: underline;\">Chaque rider fait son analyse en fonction de son niveau , son mat\u00e9riel, des conditions m\u00e9t\u00e9o, de mer et prend la d\u00e9cision de naviguer ou pas<\/span>, nous ne sommes pas responsable d&rsquo;un \u00e9ventuel incident ou accident et nous pr\u00e9conisons aux riders d&rsquo;avoir souscrit la licence assurance de la FFVL.<\/p>\t\t\t\t\t\t<\/div>\n\t\t\t\t<\/div>\n\t\t<div class=\"elementor-element elementor-element-aa06084 e-flex e-con-boxed e-con e-child\" data-id=\"aa06084\" data-element_type=\"container\">\n\t\t\t\t\t<div class=\"e-con-inner\">\n\t\t\t\t<div class=\"elementor-element elementor-element-7eac599 elementor-position-right elementor-vertical-align-middle elementor-widget elementor-widget-image-box\" data-id=\"7eac599\" data-element_type=\"widget\" data-widget_type=\"image-box.default\">\n\t\t\t\t<div class=\"elementor-widget-container\">\n\t\t\t<div class=\"elementor-image-box-wrapper\"><figure class=\"elementor-image-box-img\"><img decoding=\"async\" width=\"1772\" height=\"980\" src=\"https:\/\/west-coastentin.com\/wp-content\/uploads\/2024\/05\/IMGP6771.jpg\" class=\"attachment-full size-full wp-image-194\" alt=\"sejour kite en Normandie\" srcset=\"https:\/\/west-coastentin.com\/wp-content\/uploads\/2024\/05\/IMGP6771.jpg 1772w, https:\/\/west-coastentin.com\/wp-content\/uploads\/2024\/05\/IMGP6771-600x332.jpg 600w, https:\/\/west-coastentin.com\/wp-content\/uploads\/2024\/05\/IMGP6771-400x221.jpg 400w, https:\/\/west-coastentin.com\/wp-content\/uploads\/2024\/05\/IMGP6771-1024x566.jpg 1024w, https:\/\/west-coastentin.com\/wp-content\/uploads\/2024\/05\/IMGP6771-768x425.jpg 768w, https:\/\/west-coastentin.com\/wp-content\/uploads\/2024\/05\/IMGP6771-1536x849.jpg 1536w\" sizes=\"(max-width: 1772px) 100vw, 1772px\" \/><\/figure><div class=\"elementor-image-box-content\"><h3 class=\"elementor-image-box-title\">AU DETOUR<\/h3><p class=\"elementor-image-box-description\">Les d\u00e9placements dans la r\u00e9gion peuvent \u00eatre aussi l'occasion de voir des sites naturels remarquables, d'observer les phoques, les dauphins ou certaines zones ornithologiques et des points de vue atypiques, aller faire le sunset. Ces parenth\u00e8ses seront propos\u00e9es gratuitement dans le forfait journalier.<\/p><\/div><\/div>\t\t<\/div>\n\t\t\t\t<\/div>\n\t\t\t\t\t<\/div>\n\t\t\t\t<\/div>\n\t\t<div class=\"elementor-element elementor-element-7daa89c e-flex e-con-boxed e-con e-child\" data-id=\"7daa89c\" data-element_type=\"container\">\n\t\t\t\t\t<div class=\"e-con-inner\">\n\t\t\t\t<div class=\"elementor-element elementor-element-ea1fa53 elementor-position-left elementor-vertical-align-middle elementor-widget elementor-widget-image-box\" data-id=\"ea1fa53\" data-element_type=\"widget\" data-widget_type=\"image-box.default\">\n\t\t\t\t<div class=\"elementor-widget-container\">\n\t\t\t<div class=\"elementor-image-box-wrapper\"><figure class=\"elementor-image-box-img\"><img loading=\"lazy\" decoding=\"async\" width=\"1824\" height=\"1216\" src=\"https:\/\/west-coastentin.com\/wp-content\/uploads\/2024\/05\/IMGP4771.jpg\" class=\"attachment-full size-full wp-image-199\" alt=\"sejour kite dans le cotentin\" srcset=\"https:\/\/west-coastentin.com\/wp-content\/uploads\/2024\/05\/IMGP4771.jpg 1824w, https:\/\/west-coastentin.com\/wp-content\/uploads\/2024\/05\/IMGP4771-600x400.jpg 600w, https:\/\/west-coastentin.com\/wp-content\/uploads\/2024\/05\/IMGP4771-400x267.jpg 400w, https:\/\/west-coastentin.com\/wp-content\/uploads\/2024\/05\/IMGP4771-1024x683.jpg 1024w, https:\/\/west-coastentin.com\/wp-content\/uploads\/2024\/05\/IMGP4771-768x512.jpg 768w, https:\/\/west-coastentin.com\/wp-content\/uploads\/2024\/05\/IMGP4771-1536x1024.jpg 1536w\" sizes=\"(max-width: 1824px) 100vw, 1824px\" \/><\/figure><div class=\"elementor-image-box-content\"><h3 class=\"elementor-image-box-title\">PLAN B<\/h3><p class=\"elementor-image-box-description\">En cas de p\u00e9tole ou d'horaires de mar\u00e9e compliqu\u00e9s quelques activit\u00e9s peuvent \u00eatre pratiqu\u00e9s via des prestataires locaux dont: Char a voile s\u00e9ance initiation de 1h30  (AY-OLE CENTRE DE CHAR \u00c0 VOILE) , Karting sur piste a Lessay, bapt\u00eame de l'air \u00e0 Lessay, parachutisme tandem.\nEn activit\u00e9 perso: mountain-board tract\u00e9, initiation au lanc\u00e9 de boomerang<\/p><\/div><\/div>\t\t<\/div>\n\t\t\t\t<\/div>\n\t\t<div class=\"elementor-element elementor-element-e83b18e e-con-full e-flex e-con e-child\" data-id=\"e83b18e\" data-element_type=\"container\">\n\t\t\t\t<div class=\"elementor-element elementor-element-ec730cc elementor-widget elementor-widget-heading\" data-id=\"ec730cc\" data-element_type=\"widget\" data-widget_type=\"heading.default\">\n\t\t\t\t<div class=\"elementor-widget-container\">\n\t\t\t<h2 class=\"elementor-heading-title elementor-size-default\">AFTER KITE, DES ADRESSES SYMPAS<\/h2>\t\t<\/div>\n\t\t\t\t<\/div>\n\t\t<div class=\"elementor-element elementor-element-e9c4a1d e-con-full e-flex e-con e-child\" data-id=\"e9c4a1d\" data-element_type=\"container\">\n\t\t\t\t<div class=\"elementor-element elementor-element-925f5b2 elementor-widget elementor-widget-text-editor\" data-id=\"925f5b2\" data-element_type=\"widget\" data-widget_type=\"text-editor.default\">\n\t\t\t\t<div class=\"elementor-widget-container\">\n\t\t\t\t\t\t\t<p><strong>LA PAILLOTE \u00e0 Breteville sur AY<\/strong>, \u00e0 cot\u00e9 du centre de char \u00e0 voile, vous trouverez ce spot good time au fond du parking de la plage boire et manger au sunset.<\/p><p><strong>LE DLB \u00e0 Saint Germain sur Ay<\/strong>, 38 rue des carri\u00e8res, \u00e0 la ferme marine du noroit, Bar \u00e0 huitres, cocktails, tapas, un bel endroit apr\u00e8s la nav tenu par deux jeunes sympas et motiv\u00e9s, tr\u00e8s bon produits.\u00a0<\/p><p><strong>LA PETITE GARE \u00e0 R\u00e9gn\u00e9ville<\/strong>: Bar, Tapas, musique sur front de mer pour sunset sur le havre de R\u00e9gn\u00e9ville, une tuerie .<\/p><p><span style=\"text-decoration: underline;\">Si vous connaissez des petits nids de bien \u00eatre comme ceux l\u00e0, n&rsquo;h\u00e9sitez pas a nous les communiquer<\/span><\/p>\t\t\t\t\t\t<\/div>\n\t\t\t\t<\/div>\n\t\t\t\t<\/div>\n\t\t\t\t<\/div>\n\t\t\t\t\t<\/div>\n\t\t\t\t<\/div>\n\t\t\t\t\t<\/div>\n\t\t\t\t<\/div>\n\t\t\t\t\t<\/div>\n\t\t\t\t<\/div>\n\t\t\t\t\t<\/div>\n\t\t\t\t<\/div>\n\t\t\t\t\t<\/div>\n\t\t\t\t<\/div>\n\t\t\t\t<\/div>\n\t\t","protected":false},"excerpt":{"rendered":"<p>PREAMBULE WEST-COASTENTIN.COM n&rsquo;est pas une \u00e9cole de kite, c&rsquo;est un service d&rsquo;accompagnement pour les riders qui ne sont pas de la r\u00e9gion, ou du pays. Le service est prioritairement orient\u00e9 vers les clients de l&rsquo;h\u00e9bergement ou d&rsquo;autres h\u00e9bergements partenaires. Nous emmenons les riders sur les spots les plus appropri\u00e9s en fonction des vents, mar\u00e9es, coefficients, [&hellip;]<\/p>\n","protected":false},"author":1,"featured_media":0,"parent":0,"menu_order":0,"comment_status":"closed","ping_status":"closed","template":"","meta":{"footnotes":""},"class_list":["post-178","page","type-page","status-publish","hentry","entry","owp-thumbs-layout-horizontal","owp-btn-normal","owp-tabs-layout-horizontal","has-no-thumbnails","has-product-nav"],"_links":{"self":[{"href":"https:\/\/west-coastentin.com\/index.php\/wp-json\/wp\/v2\/pages\/178","targetHints":{"allow":["GET"]}}],"collection":[{"href":"https:\/\/west-coastentin.com\/index.php\/wp-json\/wp\/v2\/pages"}],"about":[{"href":"https:\/\/west-coastentin.com\/index.php\/wp-json\/wp\/v2\/types\/page"}],"author":[{"embeddable":true,"href":"https:\/\/west-coastentin.com\/index.php\/wp-json\/wp\/v2\/users\/1"}],"replies":[{"embeddable":true,"href":"https:\/\/west-coastentin.com\/index.php\/wp-json\/wp\/v2\/comments?post=178"}],"version-history":[{"count":40,"href":"https:\/\/west-coastentin.com\/index.php\/wp-json\/wp\/v2\/pages\/178\/revisions"}],"predecessor-version":[{"id":724,"href":"https:\/\/west-coastentin.com\/index.php\/wp-json\/wp\/v2\/pages\/178\/revisions\/724"}],"wp:attachment":[{"href":"https:\/\/west-coastentin.com\/index.php\/wp-json\/wp\/v2\/media?parent=178"}],"curies":[{"name":"wp","href":"https:\/\/api.w.org\/{rel}","templated":true}]}}